{"id":121,"date":"2025-01-13T18:42:49","date_gmt":"2025-01-13T18:42:49","guid":{"rendered":"https:\/\/snconcept.pro\/?page_id=121"},"modified":"2025-01-13T18:55:11","modified_gmt":"2025-01-13T18:55:11","slug":"121-2","status":"publish","type":"page","link":"https:\/\/snconcept.pro\/?page_id=121","title":{"rendered":"Qui sommes nous ?"},"content":{"rendered":"\n<h4 class=\"wp-block-heading has-primary-color has-text-color has-link-color wp-elements-920b411e4e849dffe2a9bef542c24256\">SN Concept, la qualit\u00e9<\/h4>\n\n\n\n<p>Bienvenue chez SN Concept, votre partenaire d&rsquo;exception dans le domaine de la chaudronnerie, de la m\u00e9tallurgie et de la soudure. Nous sommes sp\u00e9cialis\u00e9s dans la cr\u00e9ation de pi\u00e8ces sur mesure en inox, aluminium et acier.<\/p>\n\n\n\n<p>Chaque projet que nous r\u00e9alisons est le fruit d\u2019une collaboration \u00e9troite avec nos clients, afin de comprendre leurs besoins sp\u00e9cifiques et de leur offrir des solutions personnalis\u00e9es.<\/p>\n\n\n\n<p>Nous nous engageons \u00e0 utiliser des mat\u00e9riaux de premier choix et \u00e0 appliquer des m\u00e9thodes de fabrication innovantes pour assurer durabilit\u00e9 et performance.<\/p>\n\n\n\n<p>Nous vous invitons \u00e0 d\u00e9couvrir notre savoir-faire et \u00e0 nous confier vos projets les plus ambitieux. Ensemble, fa\u00e7onnons l&rsquo;avenir de vos id\u00e9es !<\/p>\n\n\n\n<figure class=\"wp-block-image size-large wp-duotone-dark-grayscale\"><img loading=\"lazy\" decoding=\"async\" width=\"1024\" height=\"683\" src=\"https:\/\/snconcept.pro\/wp-content\/uploads\/2025\/01\/people-3306461_1920-1-1024x683.jpg\" alt=\"\" class=\"wp-image-36\" srcset=\"https:\/\/snconcept.pro\/wp-content\/uploads\/2025\/01\/people-3306461_1920-1-1024x683.jpg 1024w, https:\/\/snconcept.pro\/wp-content\/uploads\/2025\/01\/people-3306461_1920-1-300x200.jpg 300w, https:\/\/snconcept.pro\/wp-content\/uploads\/2025\/01\/people-3306461_1920-1-768x512.jpg 768w, https:\/\/snconcept.pro\/wp-content\/uploads\/2025\/01\/people-3306461_1920-1-1536x1024.jpg 1536w, https:\/\/snconcept.pro\/wp-content\/uploads\/2025\/01\/people-3306461_1920-1.jpg 1920w\" sizes=\"(max-width: 1024px) 100vw, 1024px\" \/><\/figure>\n","protected":false},"excerpt":{"rendered":"<p>SN Concept, la qualit\u00e9 Bienvenue chez SN Concept, votre partenaire d&rsquo;exception dans le domaine de la chaudronnerie, de la m\u00e9tallurgie et de la soudure. Nous sommes sp\u00e9cialis\u00e9s dans la cr\u00e9ation de pi\u00e8ces sur mesure en inox, aluminium et acier. Chaque projet que nous r\u00e9alisons est le fruit d\u2019une collaboration \u00e9troite avec nos clients, afin de [&hellip;]<\/p>\n","protected":false},"author":1,"featured_media":0,"parent":0,"menu_order":0,"comment_status":"closed","ping_status":"closed","template":"","meta":{"_et_pb_use_builder":"","_et_pb_old_content":"","_et_gb_content_width":"","footnotes":""},"class_list":["post-121","page","type-page","status-publish","hentry"],"aioseo_notices":[],"_links":{"self":[{"href":"https:\/\/snconcept.pro\/index.php?rest_route=\/wp\/v2\/pages\/121","targetHints":{"allow":["GET"]}}],"collection":[{"href":"https:\/\/snconcept.pro\/index.php?rest_route=\/wp\/v2\/pages"}],"about":[{"href":"https:\/\/snconcept.pro\/index.php?rest_route=\/wp\/v2\/types\/page"}],"author":[{"embeddable":true,"href":"https:\/\/snconcept.pro\/index.php?rest_route=\/wp\/v2\/users\/1"}],"replies":[{"embeddable":true,"href":"https:\/\/snconcept.pro\/index.php?rest_route=%2Fwp%2Fv2%2Fcomments&post=121"}],"version-history":[{"count":3,"href":"https:\/\/snconcept.pro\/index.php?rest_route=\/wp\/v2\/pages\/121\/revisions"}],"predecessor-version":[{"id":125,"href":"https:\/\/snconcept.pro\/index.php?rest_route=\/wp\/v2\/pages\/121\/revisions\/125"}],"wp:attachment":[{"href":"https:\/\/snconcept.pro\/index.php?rest_route=%2Fwp%2Fv2%2Fmedia&parent=121"}],"curies":[{"name":"wp","href":"https:\/\/api.w.org\/{rel}","templated":true}]}}